 by 52?
4
Calculate the remainder when 283 is divided by 36.
31
What is the remainder when 3120 is divided by 17?
9
Calculate the remainder when 124 is divided by 23.
9
Calculate the remainder when 926 is divided by 4.
2
What is the remainder when 2851 is divided by 31?
30
Calculate the remainder when 587 is divided by 172.
71
Calculate the remainder when 8797 is divided by 58.
39
Calculate the remainder when 20379 is divided by 16.
11
What is the remainder when 2987 is divided by 12?
11
Calculate the remainder when 394 is divided by 100.
94
What is the remainder when 255 is divided by 44?
35
Calculate the remainder when 8115 is divided by 2027.
7
What is the remainder when 152 is divided by 79?
73
Calculate the remainder when 75 is divided by 20.
15
Calculate the remainder when 104 is divided by 48.
8
Calculate the remainder when 13 is divided by 3.
1
What is the remainder when 10478 is divided by 80?
78
Calculate the remainder when 259 is divided by 82.
13
Calculate the remainder when 2146 is divided by 10.
6
Calculate the remainder when 829 is divided by 64.
61
Calculate the remainder when 212 is divided by 107.
105
Calculate the remainder when 72 is divided by 35.
2
Calculate the remainder when 179 is divided by 26.
23
What is the remainder when 1256 is divided by 311?
12
Calculate the remainder when 424 is divided by 133.
25
Calculate the remainder when 419 is divided by 25.
19
Calculate the remainder when 93 is divided by 15.
3
What is the remainder when 64 is divided by 20?
4
What is the remainder when 811 is divided by 393?
25
What is the remainder when 51 is divided by 42?
9
Calculate the remainder when 2835 is divided by 932.
39
What is the remainder when 283 is divided by 36?
31
What is the remainder when 588 is divided by 200?
188
What is the remainder when 173 is divided by 41?
9
What is the remainder when 1557 is divided by 7?
3
Calculate the remainder when 885 is divided by 74.
71
Calculate the remainder when 118 is divided by 12.
10
Calculate the remainder when 3806 is divided by 347.
336
Calculate the remainder when 55 is divided by 8.
7
What is the remainder when 724 is divided by 174?
28
What is the remainder when 3881 is divided by 324?
317
What is the remainder when 6 is divided by 4?
2
Calculate the remainder when 41 is divided by 11.
8
What is the remainder when 630 is divided by 204?
18
Calculate the remainder when 119 is divided by 15.
14
What is the remainder when 379 is divided by 39?
28
What is the remainder when 7076 is divided by 104?
4
What is the remainder when 2049 is divided by 227?
6
Calculate the remainder when 1850 is divided by 315.
275
What is the remainder when 88 is divided by 33?
22
What is the remainder when 90 is divided by 33?
24
Calculate the remainder when 344 is divided by 108.
20
What is the remainder when 1228 is divided by 112?
108
What is the remainder when 1153 is divided by 68?
65
What is the remainder when 3482 is divided by 85?
82
Calculate the remainder when 839 is divided by 24.
23
What is the remainder when 238 is divided by 4?
2
What is the remainder when 4543 is divided by 71?
70
What is the remainder when 5069 is divided by 26?
25
What is the remainder when 437 is divided by 85?
12
Calculate the remainder when 4781 is divided by 145.
141
What is the remainder when 480 is divided by 18?
12
What is the remainder when 54 is divided by 37?
17
Calculate the remainder when 79 is divided by 24.
7
What is the remainder when 734 is divided by 9?
5
What is the remainder when 171 is divided by 58?
55
Calculate the remainder when 114 is divided by 22.
4
Calculate the remainder when 473 is divided by 85.
48
Calculate the remainder when 6819 is divided by 110.
109
What is the remainder when 2798 is divided by 175?
173
What is the remainder when 475 is divided by 93?
10
Calculate the remainder when 480 is divided by 83.
65
What is the remainder when 556 is divided by 20?
16
Calculate the remainder when 586 is divided by 11.
3
What is the remainder when 166 is divided by 60?
46
Calculate the remainder when 966 is divided by 62.
36
What is the remainder when 2296 is divided by 128?
120
What is the remainder when 634 is divided by 66?
40
What is the remainder when 114 is divided by 30?
24
Calculate the remainder when 34 is divided by 14.
6
What is the remainder when 57 is divided by 20?
17
Calculate the remainder when 106 is divided by 16.
10
Calculate the remainder when 313 is divided by 116.
81
Calculate the remainder when 274 is divided by 17.
2
Calculate the remainder when 93 is divided by 10.
3
Calculate the remainder when 771 is divided by 40.
11
What is the remainder when 769 is divided by 135?
94
What is the remainder when 15506 is divided by 7753?
0
What is the remainder when 130 is divided by 89?
41
What is the remainder when 17313 is divided by 23?
17
What is the remainder when 522 is divided by 233?
56
Calculate the remainder when 29 is divided by 23.
6
What is the remainder when 1191 is divided by 113?
61
What is the remainder when 929 is divided by 42?
5
What is the remainder when 80 is divided by 17?
12
Calculate the remainder when 958 is divided by 32.
30
What is the remainder when 82 is divided by 15?
7
Calculate the remainder when 155 is divided by 5.
0
What is the remainder when 167 is divided by 45?
32
What is the remainder when 1031 is divided by 172?
171
Calculate the remainder when 59 is divided by 20.
19
Calculate the remainder when 655 is divided by 426.
229
What is the remainder when 960 is divided by 74?
72
Calculate the remainder when 65 is divided by 10.
5
What is the remainder when 103 is divided by 4?
3
Calculate the remainder when 161 is divided by 30.
11
What is the remainder when 1036 is divided by 73?
14
Calculate the remainder when 1674 is divided by 13.
10
What is the remainder when 156 is divided by 64?
28
What is the remainder when 2383 is divided by 196?
31
What is the remainder when 2296 is divided by 861?
574
What is the remainder when 67 is divided by 15?
7
Calculate the remainder when 804 is divided by 201.
0
What is the remainder when 564 is divided by 26?
18
What is the remainder when 146 is divided by 27?
11
Calculate the remainder when 1576 is divided by 78.
16
What is the remainder when 45 is divided by 13?
6
Calculate the remainder when 1089 is divided by 90.
9
Calculate the remainder when 173 is divided by 44.
41
Calculate the remainder when 2708 is divided by 129.
128
Calculate the remainder when 380 is divided by 117.
29
Calculate the remainder when 243 is divided by 145.
98
Calculate the remainder when 1139 is divided by 19.
18
Calculate the remainder when 430 is divided by 145.
140
Calculate the remainder when 840 is divided by 65.
60
Calculate the remainder when 5956 is divided by 149.
145
Calculate the remainder when 196 is divided by 11.
9
What is the remainder when 148 is divided by 39?
31
What is the remainder when 503 is divided by 251?
1
Calculate the remainder when 57 is divided by 12.
9
Calculate the remainder when 309 is divided by 21.
15
What is the remainder when 2013 is divided by 32?
29
What is the remainder when 146 is divided by 135?
11
What is the remainder when 827 is divided by 137?
5
What is the remainder when 106 is divided by 20?
6
Calculate the remainder when 113 is divided by 29.
26
What is the remainder when 149 is divided by 30?
29
What is the remainder when 157 is divided by 133?
24
Calculate the remainder when 1085 is divided by 20.
5
Calculate the remainder when 621 is divided by 104.
101
What is the remainder when 293 is divided by 27?
23
What is the remainder when 3062 is divided by 14?
10
Calculate the remainder when 283 is divided by 140.
3
What is the remainder when 100 is divided by 35?
30
What is the remainder when 273 is divided by 40?
33
Calculate the remainder when 93 is divided by 8.
5
Calculate the remainder when 64 is divided by 21.
1
Calculate the remainder when 215 is divided by 72.
71
What is the remainder when 106 is divided by 19?
11
Calculate the remainder when 44902 is divided by 24.
22
Calculate the remainder when 929 is divided by 102.
11
What is the remainder when 6005 is divided by 2?
1
What is the remainder when 172 is divided by 35?
32
What is the remainder when 328 is divided by 157?
14